{"version":"1.0","provider_name":"PromZ.be","provider_url":"https:\/\/promz.be\/fr\/","author_name":"Redactie \/ R\u00e9daction","author_url":"https:\/\/promz.be\/fr\/author\/promzbe\/","title":"Le Belgian Friday apr\u00e8s le Black Friday - PromZ.be","type":"rich","width":600,"height":338,"html":"<blockquote class=\"wp-embedded-content\" data-secret=\"jg1vWct9xF\"><a href=\"https:\/\/promz.be\/fr\/le-belgian-friday-apres-le-black-friday\/\">Le Belgian Friday apr\u00e8s le Black Friday<\/a><\/blockquote><iframe sandbox=\"allow-scripts\" security=\"restricted\" src=\"https:\/\/promz.be\/fr\/le-belgian-friday-apres-le-black-friday\/embed\/#?secret=jg1vWct9xF\" width=\"600\" height=\"338\" title=\"&#8220;Le Belgian Friday apr\u00e8s le Black Friday&#8221; &#8212; PromZ.be\" data-secret=\"jg1vWct9xF\" frameborder=\"0\" marginwidth=\"0\" marginheight=\"0\" scrolling=\"no\" class=\"wp-embedded-content\"><\/iframe><script type=\"text\/javascript\">\n\/*! This file is auto-generated *\/\n!function(c,l){\"use strict\";var e=!1,o=!1;if(l.querySelector)if(c.addEventListener)e=!0;if(c.wp=c.wp||{},c.wp.receiveEmbedMessage);else if(c.wp.receiveEmbedMessage=function(e){var t=e.data;if(!t);else if(!(t.secret||t.message||t.value));else if(\/[^a-zA-Z0-9]\/.test(t.secret));else{for(var r,s,a,i=l.querySelectorAll('iframe[data-secret=\"'+t.secret+'\"]'),n=l.querySelectorAll('blockquote[data-secret=\"'+t.secret+'\"]'),o=0;o<n.length;o++)n[o].style.display=\"none\";for(o=0;o<i.length;o++)if(r=i[o],e.source!==r.contentWindow);else{if(r.removeAttribute(\"style\"),\"height\"===t.message){if(1e3<(s=parseInt(t.value,10)))s=1e3;else if(~~s<200)s=200;r.height=s}if(\"link\"===t.message)if(s=l.createElement(\"a\"),a=l.createElement(\"a\"),s.href=r.getAttribute(\"src\"),a.href=t.value,a.host===s.host)if(l.activeElement===r)c.top.location.href=t.value}}},e)c.addEventListener(\"message\",c.wp.receiveEmbedMessage,!1),l.addEventListener(\"DOMContentLoaded\",t,!1),c.addEventListener(\"load\",t,!1);function t(){if(o);else{o=!0;for(var e,t,r,s=-1!==navigator.appVersion.indexOf(\"MSIE 10\"),a=!!navigator.userAgent.match(\/Trident.*rv:11\\.\/),i=l.querySelectorAll(\"iframe.wp-embedded-content\"),n=0;n<i.length;n++){if(!(r=(t=i[n]).getAttribute(\"data-secret\")))r=Math.random().toString(36).substr(2,10),t.src+=\"#?secret=\"+r,t.setAttribute(\"data-secret\",r);if(s||a)(e=t.cloneNode(!0)).removeAttribute(\"security\"),t.parentNode.replaceChild(e,t);t.contentWindow.postMessage({message:\"ready\",secret:r},\"*\")}}}}(window,document);\n<\/script>\n","thumbnail_url":"https:\/\/promz.be\/wp-content\/uploads\/2018\/06\/Na-Black-Friday-Belgian-Friday-1.png","thumbnail_width":750,"thumbnail_height":500,"description":"Apr\u00e8s le Black Friday et les French Days, les marques du groupe La Redoute dans notre pays (La Redoute, Kiabi et Tape \u00e0 l\u2019\u0152il) lancent le \u00ab\u00a0Belgian Friday\u00a0\u00bb. Tout au long du week-end de la Pentec\u00f4te, du 18 au 21 mai, le groupe proposera des r\u00e9ductions dans la boutique en ligne. Venu en droite ligne d\u2019Am\u00e9rique, le Black Friday est le grand \u00e9v\u00e9nement commercial de l\u2019automne pour les achats en ligne. En avril de l\u2019ann\u00e9e [...]Lire la suite..."}

Redactie / Rédaction

Le Belgian Friday après le Black Friday - PromZ.be

<blockquote class="wp-embedded-content" data-secret="jg1vWct9xF"><a href="https://promz.be/fr/le-belgian-friday-apres-le-black-friday/">Le Belgian Friday après le Black Friday</a></blockquote><iframe sandbox="allow-scripts" security="restricted" src="https://promz.be/fr/le-belgian-friday-apres-le-black-friday/embed/#?secret=jg1vWct9xF" width="600" height="338" title="&#8220;Le Belgian Friday après le Black Friday&#8221; &#8212; PromZ.be" data-secret="jg1vWct9xF" frameborder="0" marginwidth="0" marginheight="0" scrolling="no" class="wp-embedded-content"></iframe><script type="text/javascript">
/*! This file is auto-generated */
!function(c,l){"use strict";var e=!1,o=!1;if(l.querySelector)if(c.addEventListener)e=!0;if(c.wp=c.wp||{},c.wp.receiveEmbedMessage);else if(c.wp.receiveEmbedMessage=function(e){var t=e.data;if(!t);else if(!(t.secret||t.message||t.value));else if(/[^a-zA-Z0-9]/.test(t.secret));else{for(var r,s,a,i=l.querySelectorAll('iframe[data-secret="'+t.secret+'"]'),n=l.querySelectorAll('blockquote[data-secret="'+t.secret+'"]'),o=0;o<n.length;o++)n[o].style.display="none";for(o=0;o<i.length;o++)if(r=i[o],e.source!==r.contentWindow);else{if(r.removeAttribute("style"),"height"===t.message){if(1e3<(s=parseInt(t.value,10)))s=1e3;else if(~~s<200)s=200;r.height=s}if("link"===t.message)if(s=l.createElement("a"),a=l.createElement("a"),s.href=r.getAttribute("src"),a.href=t.value,a.host===s.host)if(l.activeElement===r)c.top.location.href=t.value}}},e)c.addEventListener("message",c.wp.receiveEmbedMessage,!1),l.addEventListener("DOMContentLoaded",t,!1),c.addEventListener("load",t,!1);function t(){if(o);else{o=!0;for(var e,t,r,s=-1!==navigator.appVersion.indexOf("MSIE 10"),a=!!navigator.userAgent.match(/Trident.*rv:11\./),i=l.querySelectorAll("iframe.wp-embedded-content"),n=0;n<i.length;n++){if(!(r=(t=i[n]).getAttribute("data-secret")))r=Math.random().toString(36).substr(2,10),t.src+="#?secret="+r,t.setAttribute("data-secret",r);if(s||a)(e=t.cloneNode(!0)).removeAttribute("security"),t.parentNode.replaceChild(e,t);t.contentWindow.postMessage({message:"ready",secret:r},"*")}}}}(window,document);
</script>

Après le Black Friday et les French Days, les marques du groupe La Redoute dans notre pays (La Redoute, Kiabi et Tape à l’Œil) lancent le « Belgian Friday ». Tout au long du week-end de la Pentecôte, du 18 au 21 mai, le groupe proposera des réductions dans la boutique en ligne. Venu en droite ligne d’Amérique, le Black Friday est le grand événement commercial de l’automne pour les achats en ligne. En avril de l’année [...]Lire la suite...
