{"id":14980,"date":"2018-07-18T00:00:00","date_gmt":"2018-07-17T22:00:00","guid":{"rendered":"https:\/\/promz.be\/product\/sac-a-dos-bi-matiere\/"},"modified":"2018-12-19T09:43:16","modified_gmt":"2018-12-19T08:43:16","slug":"sac-a-dos-bi-matiere","status":"publish","type":"product","link":"https:\/\/promz.be\/fr\/product\/sac-a-dos-bi-matiere\/","title":{"rendered":"Sac \u00e0 dos Bi-Mati\u00e8re"},"content":{"rendered":"<p>Compartiment principal zipp\u00e9 avec double poche int\u00e9rieure. Compartiment devant ferm\u00e9 par cordon. Bretelles r\u00e9glables en coton. Dos renfort matelass\u00e9.<\/p>\n","protected":false},"excerpt":{"rendered":"<p>Compartiment principal zipp\u00e9 avec double poche int\u00e9rieure. Compartiment devant ferm\u00e9 par cordon. Bretelles r\u00e9glables en coton. Dos renfort matelass\u00e9. [&#8230;]<\/p>\n<p><a class=\"btn btn-secondary understrap-read-more-link\" href=\"https:\/\/promz.be\/fr\/product\/sac-a-dos-bi-matiere\/\">Lire la suite&#8230;<\/a><\/p>\n","protected":false},"featured_media":14904,"comment_status":"closed","ping_status":"open","template":"","meta":[],"product_cat":[978,954],"product_tag":[6156,6158,6157],"_links":{"self":[{"href":"https:\/\/promz.be\/fr\/wp-json\/wp\/v2\/product\/14980"}],"collection":[{"href":"https:\/\/promz.be\/fr\/wp-json\/wp\/v2\/product"}],"about":[{"href":"https:\/\/promz.be\/fr\/wp-json\/wp\/v2\/types\/product"}],"replies":[{"embeddable":true,"href":"https:\/\/promz.be\/fr\/wp-json\/wp\/v2\/comments?post=14980"}],"wp:featuredmedia":[{"embeddable":true,"href":"https:\/\/promz.be\/fr\/wp-json\/wp\/v2\/media\/14904"}],"wp:attachment":[{"href":"https:\/\/promz.be\/fr\/wp-json\/wp\/v2\/media?parent=14980"}],"wp:term":[{"taxonomy":"product_cat","embeddable":true,"href":"https:\/\/promz.be\/fr\/wp-json\/wp\/v2\/product_cat?post=14980"},{"taxonomy":"product_tag","embeddable":true,"href":"https:\/\/promz.be\/fr\/wp-json\/wp\/v2\/product_tag?post=14980"}],"curies":[{"name":"wp","href":"https:\/\/api.w.org\/{rel}","templated":true}]}}

Sac à dos Bi-Matière

<p>Compartiment principal zippé avec double poche intérieure. Compartiment devant fermé par cordon. Bretelles réglables en coton. Dos renfort matelassé.</p>

<p>Compartiment principal zippé avec double poche intérieure. Compartiment devant fermé par cordon. Bretelles réglables en coton. Dos renfort matelassé. [&#8230;]</p>
<p><a class="btn btn-secondary understrap-read-more-link" href="https://promz.be/fr/product/sac-a-dos-bi-matiere/">Lire la suite&#8230;</a></p>
