{"id":24759,"date":"2018-09-10T00:00:00","date_gmt":"2019-08-11T06:44:40","guid":{"rendered":"https:\/\/promz.be\/product\/valise-de-voyage-18-inches-personnalisee\/"},"modified":"2020-10-22T12:14:37","modified_gmt":"2020-10-22T10:14:37","slug":"valise-de-voyage-18-inches-personnalisee","status":"publish","type":"product","link":"https:\/\/promz.be\/fr\/product\/valise-de-voyage-18-inches-personnalisee\/","title":{"rendered":"Valise de voyage 18 inches personnalis\u00e9e"},"content":{"rendered":"<p>Une valise est selon nous un produit promotionnel original et efficace pour se d\u00e9marquer et communiquer efficacement. Premi\u00e8rement, si vos collaborateurs ou vos clients ont l\u2019habitude de se rendre en d\u00e9placement professionnel ou juste en voyage, une valise est toujours n\u00e9cessaire. Ensuite, si vous personnalisez cette valise avec votre logo, vous pourrez \u00eatre s\u00fbr que votre marque fera le tour du monde. Les personnes \u00e0 qui vous offrirez cette valise pourront voyager sereinement tout en rendant votre marque visible aux yeux de tous. Cette valise-l\u00e0 est une valise taille \u00ab cabine \u00bb avec une double fermeture \u00e9clair. Elle poss\u00e8de un syst\u00e8me de 4 roues pivotantes. Elle est disponible dans de nombreux coloris afin de vous satisfaire au maximum. La plaque m\u00e9tallique pr\u00e9sente sur l\u2019avant de la valise est pour l\u2019insertion de votre logo ou de votre nom d\u2019entreprise. Pour cela, nous utilisons diff\u00e9rentes options d\u2019impression qui garantissent qualit\u00e9 et longue tenue de votre logo.<\/p>\n","protected":false},"excerpt":{"rendered":"<p>Une valise est selon nous un produit promotionnel original et efficace pour se d\u00e9marquer et communiquer efficacement. Premi\u00e8rement, si vos collaborateurs ou vos clients ont l\u2019habitude de se rendre en d\u00e9placement professionnel ou juste en voyage, une valise est toujours n\u00e9cessaire. Ensuite, si vous personnalisez cette valise avec votre logo, vous pourrez \u00eatre s\u00fbr que votre marque fera le tour du monde. Les personnes \u00e0 qui vous offrirez cette valise pourront voyager sereinement tout en rendant votre marque visible aux yeux de tous. Cette valise-l\u00e0 est une valise taille \u00ab cabine \u00bb avec une double fermeture \u00e9clair. Elle poss\u00e8de un syst\u00e8me de 4 roues pivotantes. Elle est disponible dans de nombreux coloris afin de vous satisfaire au maximum. La plaque m\u00e9tallique pr\u00e9sente sur l\u2019avant de la valise est pour l\u2019insertion de votre logo ou de votre nom d\u2019entreprise. Pour cela, nous utilisons diff\u00e9rentes options d\u2019impression qui garantissent qualit\u00e9 et longue tenue de votre logo. [&#8230;]<\/p>\n<p><a class=\"btn btn-secondary understrap-read-more-link\" href=\"https:\/\/promz.be\/fr\/product\/valise-de-voyage-18-inches-personnalisee\/\">Lire la suite&#8230;<\/a><\/p>\n","protected":false},"featured_media":24652,"comment_status":"closed","ping_status":"open","template":"","meta":[],"product_cat":[1014,994,954],"product_tag":[],"_links":{"self":[{"href":"https:\/\/promz.be\/fr\/wp-json\/wp\/v2\/product\/24759"}],"collection":[{"href":"https:\/\/promz.be\/fr\/wp-json\/wp\/v2\/product"}],"about":[{"href":"https:\/\/promz.be\/fr\/wp-json\/wp\/v2\/types\/product"}],"replies":[{"embeddable":true,"href":"https:\/\/promz.be\/fr\/wp-json\/wp\/v2\/comments?post=24759"}],"wp:featuredmedia":[{"embeddable":true,"href":"https:\/\/promz.be\/fr\/wp-json\/wp\/v2\/media\/24652"}],"wp:attachment":[{"href":"https:\/\/promz.be\/fr\/wp-json\/wp\/v2\/media?parent=24759"}],"wp:term":[{"taxonomy":"product_cat","embeddable":true,"href":"https:\/\/promz.be\/fr\/wp-json\/wp\/v2\/product_cat?post=24759"},{"taxonomy":"product_tag","embeddable":true,"href":"https:\/\/promz.be\/fr\/wp-json\/wp\/v2\/product_tag?post=24759"}],"curies":[{"name":"wp","href":"https:\/\/api.w.org\/{rel}","templated":true}]}}

Valise de voyage 18 inches personnalisée

<p>Une valise est selon nous un produit promotionnel original et efficace pour se démarquer et communiquer efficacement. Premièrement, si vos collaborateurs ou vos clients ont l’habitude de se rendre en déplacement professionnel ou juste en voyage, une valise est toujours nécessaire. Ensuite, si vous personnalisez cette valise avec votre logo, vous pourrez être sûr que votre marque fera le tour du monde. Les personnes à qui vous offrirez cette valise pourront voyager sereinement tout en rendant votre marque visible aux yeux de tous. Cette valise-là est une valise taille « cabine » avec une double fermeture éclair. Elle possède un système de 4 roues pivotantes. Elle est disponible dans de nombreux coloris afin de vous satisfaire au maximum. La plaque métallique présente sur l’avant de la valise est pour l’insertion de votre logo ou de votre nom d’entreprise. Pour cela, nous utilisons différentes options d’impression qui garantissent qualité et longue tenue de votre logo.</p>

<p>Une valise est selon nous un produit promotionnel original et efficace pour se démarquer et communiquer efficacement. Premièrement, si vos collaborateurs ou vos clients ont l’habitude de se rendre en déplacement professionnel ou juste en voyage, une valise est toujours nécessaire. Ensuite, si vous personnalisez cette valise avec votre logo, vous pourrez être sûr que votre marque fera le tour du monde. Les personnes à qui vous offrirez cette valise pourront voyager sereinement tout en rendant votre marque visible aux yeux de tous. Cette valise-là est une valise taille « cabine » avec une double fermeture éclair. Elle possède un système de 4 roues pivotantes. Elle est disponible dans de nombreux coloris afin de vous satisfaire au maximum. La plaque métallique présente sur l’avant de la valise est pour l’insertion de votre logo ou de votre nom d’entreprise. Pour cela, nous utilisons différentes options d’impression qui garantissent qualité et longue tenue de votre logo. [&#8230;]</p>
<p><a class="btn btn-secondary understrap-read-more-link" href="https://promz.be/fr/product/valise-de-voyage-18-inches-personnalisee/">Lire la suite&#8230;</a></p>
